43
Calculate the remainder when 2954 is divided by 58.
54
What is the remainder when 72 is divided by 27?
18
What is the remainder when 1653 is divided by 150?
3
Calculate the remainder when 292 is divided by 14.
12
Calculate the remainder when 2148 is divided by 715.
3
What is the remainder when 61 is divided by 5?
1
Calculate the remainder when 211 is divided by 54.
49
Calculate the remainder when 1497 is divided by 109.
80
What is the remainder when 454 is divided by 83?
39
What is the remainder when 16273 is divided by 93?
91
What is the remainder when 632 is divided by 620?
12
Calculate the remainder when 52 is divided by 7.
3
Calculate the remainder when 262 is divided by 54.
46
What is the remainder when 422 is divided by 421?
1
What is the remainder when 80 is divided by 9?
8
What is the remainder when 160 is divided by 33?
28
Calculate the remainder when 849 is divided by 17.
16
Calculate the remainder when 968 is divided by 97.
95
Calculate the remainder when 2465 is divided by 26.
21
What is the remainder when 413 is divided by 2?
1
What is the remainder when 1214 is divided by 81?
80
Calculate the remainder when 104 is divided by 18.
14
What is the remainder when 544 is divided by 138?
130
Calculate the remainder when 246 is divided by 130.
116
Calculate the remainder when 1538 is divided by 19.
18
Calculate the remainder when 414 is divided by 199.
16
Calculate the remainder when 76672 is divided by 13.
11
Calculate the remainder when 164 is divided by 28.
24
What is the remainder when 272 is divided by 272?
0
Calculate the remainder when 317 is divided by 312.
5
Calculate the remainder when 282 is divided by 94.
0
What is the remainder when 808 is divided by 81?
79
What is the remainder when 312 is divided by 197?
115
What is the remainder when 225 is divided by 1?
0
What is the remainder when 4804 is divided by 209?
206
Calculate the remainder when 458 is divided by 10.
8
Calculate the remainder when 629 is divided by 126.
125
Calculate the remainder when 2372 is divided by 25.
22
What is the remainder when 114 is divided by 10?
4
Calculate the remainder when 131 is divided by 74.
57
Calculate the remainder when 3218 is divided by 10.
8
What is the remainder when 1306 is divided by 314?
50
Calculate the remainder when 371 is divided by 21.
14
What is the remainder when 104 is divided by 33?
5
Calculate the remainder when 155 is divided by 13.
12
What is the remainder when 352 is divided by 94?
70
What is the remainder when 133 is divided by 30?
13
Calculate the remainder when 799 is divided by 200.
199
Calculate the remainder when 326 is divided by 30.
26
What is the remainder when 1075 is divided by 333?
76
What is the remainder when 339 is divided by 148?
43
What is the remainder when 55 is divided by 27?
1
Calculate the remainder when 1014 is divided by 41.
30
Calculate the remainder when 366 is divided by 255.
111
Calculate the remainder when 20946 is divided by 13.
3
Calculate the remainder when 1378 is divided by 115.
113
Calculate the remainder when 8096 is divided by 45.
41
What is the remainder when 568 is divided by 10?
8
What is the remainder when 187 is divided by 84?
19
What is the remainder when 76 is divided by 20?
16
Calculate the remainder when 185 is divided by 64.
57
Calculate the remainder when 57 is divided by 52.
5
What is the remainder when 151 is divided by 53?
45
Calculate the remainder when 528 is divided by 107.
100
Calculate the remainder when 532 is divided by 78.
64
Calculate the remainder when 356 is divided by 60.
56
What is the remainder when 876 is divided by 55?
51
What is the remainder when 632 is divided by 156?
8
What is the remainder when 1849 is divided by 34?
13
What is the remainder when 374 is divided by 101?
71
What is the remainder when 54 is divided by 5?
4
What is the remainder when 315 is divided by 82?
69
What is the remainder when 249 is divided by 40?
9
Calculate the remainder when 1603 is divided by 237.
181
Calculate the remainder when 250 is divided by 228.
22
What is the remainder when 234 is divided by 80?
74
Calculate the remainder when 129 is divided by 19.
15
What is the remainder when 13295 is divided by 277?
276
Calculate the remainder when 669 is divided by 28.
25
What is the remainder when 2016 is divided by 17?
10
Calculate the remainder when 2520 is divided by 48.
24
What is the remainder when 3070 is divided by 64?
62
Calculate the remainder when 410 is divided by 121.
47
Calculate the remainder when 196 is divided by 2.
0
What is the remainder when 2308 is divided by 70?
68
Calculate the remainder when 3254 is divided by 93.
92
Calculate the remainder when 79 is divided by 5.
4
Calculate the remainder when 84 is divided by 23.
15
Calculate the remainder when 35841 is divided by 87.
84
What is the remainder when 45 is divided by 10?
5
Calculate the remainder when 121 is divided by 18.
13
What is the remainder when 51 is divided by 23?
5
Calculate the remainder when 68 is divided by 18.
14
What is the remainder when 193 is divided by 65?
63
Calculate the remainder when 930 is divided by 9.
3
What is the remainder when 438 is divided by 11?
9
Calculate the remainder when 1227 is divided by 82.
79
Calculate the remainder when 46067 is divided by 66.
65
Calculate the remainder when 9232 is divided by 54.
52
Calculate the remainder when 2965 is divided by 15.
10
Calculate the remainder when 1020 is divided by 172.
160
What is the remainder when 31 is divided by 24?
7
Calculate the remainder when 5420 is divided by 217.
212
Calculate the remainder when 1574 is divided by 63.
62
Calculate the remainder when 93 is divided by 24.
21
Calculate the remainder when 336 is divided by 163.
10
What is the remainder when 215 is divided by 36?
35
Calculate the remainder when 5574 is divided by 39.
36
Calculate the remainder when 327 is divided by 54.
3
What is the remainder when 96 is divided by 20?
16
Calculate the remainder when 6159 is divided by 23.
18
What is the remainder when 82 is divided by 21?
19
Calculate the remainder when 5764 is divided by 26.
18
What is the remainder when 753 is divided by 29?
28
Calculate the remainder when 311 is divided by 86.
53
What is the remainder when 2079 is divided by 40?
39
Calculate the remainder when 362 is divided by 2.
0
Calculate the remainder when 138 is divided by 54.
30
Calculate the remainder when 1462 is divided by 66.
10
Calculate the remainder when 780 is divided by 33.
21
What is the remainder when 1494 is divided by 62?
6
Calculate the remainder when 1142 is divided by 143.
141
What is the remainder when 1489 is divided by 16?
1
What is the remainder when 577 is divided by 57?
7
Calculate the remainder when 46 is divided by 7.
4
Calculate the remainder when 484 is divided by 18.
16
Calculate the remainder when 2023 is divided by 225.
223
What is the remainder when 310 is divided by 12?
10
What is the remainder when 22 is divided by 9?
4
What is the remainder when 1763 is divided by 119?
97
What is the remainder when 442 is divided by 114?
100
What is the remainder when 3272 is divided by 39?
35
What is the remainder when 240 is divided by 25?
15
What is the remainder when 79 is divided by 59?
20
What is the remainder when 138 is divided by 72?
66
What is the remainder when 2665 is divided by 92?
89
What is the remainder when 54 is divided by 10?
4
What is the remainder when 2415 is divided by 1203?
9
What is the remainder when 117 is divided by 25?
17
What is the remainder when 1064 is divided by 1059?
5
What is the remainder when 252 is divided by 67?
51
What is the remainder when 88 is divided by 76?
12
What is the remainder when 1068 is divided by 5?
3
Calculate the remainder when 130 is divided by 61.
8
Calculate the remainder when 108 is divided by 34.
6
What is the remainder when 854 is divided by 167?
19
Calculate the remainder when 105 is divided by 27.
24
Calculate the remainder when 149 is divided by 47.
8
What is the remainder when 2403 is divided by 302?
289
Calculate the remainder when 1025 is divided by 26.
11
Calculate the remainder when 181 is divided by 35.
6
What is the remainder when 147 is divided by 14?
7
Calculate the remainder when 1090 is divided by 52.
50
What is the remainder when 154 is divided